{"id":53,"date":"2011-08-11T22:15:39","date_gmt":"2011-08-11T22:15:39","guid":{"rendered":"http:\/\/localhost\/SHINTO_KARATE_RYU\/beta\/?page_id=53"},"modified":"2011-08-11T22:15:39","modified_gmt":"2011-08-11T22:15:39","slug":"lenseignement-de-g-funakoshi","status":"publish","type":"page","link":"https:\/\/shintokarateryu.fr\/?page_id=53","title":{"rendered":"L&rsquo;enseignement de G.Funakoshi."},"content":{"rendered":"<p style=\"text-align: justify;\">\u00a0 \u00a0 \u00a0Quand H.\u00d4tsuka rend sa premi\u00e8re visite \u00e0 G.Funakoshi, celui-ci lui explique avec chaleur ce qu&rsquo;est le karat\u00e9. Il lui dit qu&rsquo;il conna\u00eet quinze kata et qu&rsquo;il est possible, pour quelqu&rsquo;un qui n&rsquo;a aucune exp\u00e9rience du budo, d&rsquo;apprendre ces kata en cinq ans, mais que pour un expert d&rsquo;une discipline du budo deux ans suffisent. Il lui explique ensuite que la progression \u00e0 un niveau plus \u00e9lev\u00e9 d\u00e9pend de la qualit\u00e9 de l&rsquo;entra\u00eenement de chacun. H.\u00d4tsuka, devenu \u00e9l\u00e8ve de G.Funakoshi apprend les quinze kata en un an et demi, et, de son point de vue d&rsquo;expert en j\u00fbjutsu, juge qu&rsquo;il existe dans chacun de ces kata des \u00e9l\u00e9ments inapplicables en combat.<\/p>\n<p style=\"text-align: justify;\">\u00a0 \u00a0 \u00a0Pour r\u00e9soudre ce probl\u00e8me, il d\u00e9cide d&rsquo;aller \u00e9tudier \u00e0 Okinawa. Or avant son d\u00e9part il apprend qu&rsquo;une d\u00e9monstration de budo aura lieu au mois de mai au dojo du Palais Imp\u00e9rial et que, sur la recommandation de J.Kan\u00f4, le karat\u00e9-jutsu pourrait y participer. C&rsquo;est l\u00e0 une occasion exceptionnelle de donner au karat\u00e9 sa place dans le cadre du budo japonais. H.\u00d4tsuka renonce alors \u00e0 son voyage \u00e0 Okinawa et \u00e9labore avec G.Funakoshi le contenu de la d\u00e9monstration. Tous deux pensent qu&rsquo;il est insuffisant de montrer seulement des kata, et que, pour s&rsquo;affirmer comme budo, il est indispensable de montrer une forme de combat, ce que G.Funakoshi ne peut pas fournir \u00e0 partir de sa forme de pratique. H.Otsuka \u00e9labore alors des kata de combat \u00e0 partir du mod\u00e8le de l&rsquo;entra\u00eenement du j\u00fbjutsu. Dans ces kata, au lieu d&rsquo;ex\u00e9cuter seul des mouvements techniques, il formalise des exercices \u00e0 deux, o\u00f9 l&rsquo;un attaque avec un sabre et l&rsquo;autre se d\u00e9fend et le domine avec des techniques de karat\u00e9. Le jour de la d\u00e9monstration H.\u00d4tsuka se pr\u00e9sente pour l&rsquo;\u00e9cole de G.Funakoshi et ex\u00e9cute ces kata qui sont tr\u00e8s appr\u00e9ci\u00e9s. A la suite de cette d\u00e9monstration plus d&rsquo;une dizaine d&rsquo;universit\u00e9s de la r\u00e9gion de Tokyo s&rsquo;attachent \u00e0 l&rsquo;enseignement de G.Funakoshi et d&rsquo;H.\u00d4tsuka. Ce dernier devient tr\u00e8s vite l&rsquo;assistant de G.Funakoshi. Comme lors de la d\u00e9monstration, les apports de H.\u00d4tsuka seront importants pour l&rsquo;\u00e9laboration par G.Funakoshi d&rsquo;un mode d&rsquo;entra\u00eenement du karat\u00e9 qui corresponde \u00e0 l&rsquo;image du budo chez les Japonais. Ils mettent donc au point plusieurs yakusoku-kumit\u00e9 ou exercices de combat conventionnel \u00e0 partir des mod\u00e8les du j\u00fbjutsu.<\/p>\n<p style=\"text-align: justify;\">\u00a0 \u00a0 \u00a0Avoir un \u00e9l\u00e8ve comme \u00d4tsuka est enrichissant pour G.Funakoshi, mais les divergences entre leurs deux personnalit\u00e9s sont pr\u00e9sentes d\u00e8s le d\u00e9but et l&rsquo;\u00e9quilibre qu&rsquo;ils \u00e9tablissent en un premier temps reste pr\u00e9caire. Cet \u00e9quilibre se rompt \u00e0 partir du moment o\u00f9, aux yeux de Funakoshi, la d\u00e9marche d&rsquo;\u00d4tsuka apparait excessive. En effet, H.\u00d4tsuka commence \u00e0 ressentir la n\u00e9cessit\u00e9 de faire des exercices de combat libre en empruntant des mod\u00e8les tant\u00f4t \u00e0 la boxe, tant\u00f4t au kendo. Cette \u00e9volution est naturelle pour H.\u00d4tsuka qui a d\u00e9j\u00e0 pratiqu\u00e9 pendant dix-sept ans le j\u00fbjutsu o\u00f9 les kata sont une pr\u00e9paration au combat, tandis qu&rsquo;elle est inadmissible pour Funakoshi. Celui-ci commence alors \u00e0 critiquer Otsuka: \u00ab\u00a0Il modifie l&rsquo;essentiel du karat\u00e9 en y apportant trop d&rsquo;\u00e9l\u00e9ments de j\u00fbjutsu\u00a0\u00bb. La diff\u00e9rence de leur d\u00e9marche rend d\u00e8s lors la s\u00e9paration pr\u00e9visibe.<\/p>\n<blockquote><p>\u00a0Sources : Histoire du Karat\u00e9 par K.TOKITSU.<\/p><\/blockquote>\n","protected":false},"excerpt":{"rendered":"<p>\u00a0 \u00a0 \u00a0Quand H.\u00d4tsuka rend sa premi\u00e8re visite \u00e0 G.Funakoshi, celui-ci lui explique avec chaleur ce qu&rsquo;est le karat\u00e9. Il lui dit qu&rsquo;il conna\u00eet quinze kata et qu&rsquo;il est possible, pour quelqu&rsquo;un qui n&rsquo;a aucune exp\u00e9rience du budo, d&rsquo;apprendre ces kata en cinq ans, mais que pour un expert d&rsquo;une discipline du budo deux ans &hellip;<\/p>\n<p class=\"read-more\"> <a class=\"\" href=\"https:\/\/shintokarateryu.fr\/?page_id=53\"> <span class=\"screen-reader-text\">L&rsquo;enseignement de G.Funakoshi.<\/span> Lire la suite\u00a0\u00bb<\/a><\/p>\n","protected":false},"author":2,"featured_media":0,"parent":0,"menu_order":2,"comment_status":"closed","ping_status":"closed","template":"onecolumn-page.php","meta":{"site-sidebar-layout":"default","site-content-layout":"default","ast-global-header-display":"","ast-banner-title-visibility":"","ast-main-header-display":"","ast-hfb-above-header-display":"","ast-hfb-below-header-display":"","ast-hfb-mobile-header-display":"","site-post-title":"","ast-breadcrumbs-content":"","ast-featured-img":"","footer-sml-layout":"","theme-transparent-header-meta":"","adv-header-id-meta":"","stick-header-meta":"","header-above-stick-meta":"","header-main-stick-meta":"","header-below-stick-meta":"","ngg_post_thumbnail":0},"_links":{"self":[{"href":"https:\/\/shintokarateryu.fr\/index.php?rest_route=\/wp\/v2\/pages\/53"}],"collection":[{"href":"https:\/\/shintokarateryu.fr\/index.php?rest_route=\/wp\/v2\/pages"}],"about":[{"href":"https:\/\/shintokarateryu.fr\/index.php?rest_route=\/wp\/v2\/types\/page"}],"author":[{"embeddable":true,"href":"https:\/\/shintokarateryu.fr\/index.php?rest_route=\/wp\/v2\/users\/2"}],"replies":[{"embeddable":true,"href":"https:\/\/shintokarateryu.fr\/index.php?rest_route=%2Fwp%2Fv2%2Fcomments&post=53"}],"version-history":[{"count":1,"href":"https:\/\/shintokarateryu.fr\/index.php?rest_route=\/wp\/v2\/pages\/53\/revisions"}],"predecessor-version":[{"id":2191,"href":"https:\/\/shintokarateryu.fr\/index.php?rest_route=\/wp\/v2\/pages\/53\/revisions\/2191"}],"wp:attachment":[{"href":"https:\/\/shintokarateryu.fr\/index.php?rest_route=%2Fwp%2Fv2%2Fmedia&parent=53"}],"curies":[{"name":"wp","href":"https:\/\/api.w.org\/{rel}","templated":true}]}}