{"id":1433,"date":"2022-03-16T14:02:37","date_gmt":"2022-03-16T14:02:37","guid":{"rendered":"http:\/\/shintokarateryu.fr\/?page_id=1433"},"modified":"2022-07-09T18:59:06","modified_gmt":"2022-07-09T18:59:06","slug":"le-salut","status":"publish","type":"page","link":"https:\/\/shintokarateryu.fr\/?page_id=1433","title":{"rendered":"Le salut"},"content":{"rendered":"<div data-elementor-type=\"wp-page\" data-elementor-id=\"1433\" class=\"elementor elementor-1433\">\n\t\t\t\t\t\t\t\t\t<section class=\"elementor-section elementor-top-section elementor-element elementor-element-0ebbb84 elementor-section-boxed elementor-section-height-default elementor-section-height-default\" data-id=\"0ebbb84\" data-element_type=\"section\">\n\t\t\t\t\t\t<div class=\"elementor-container elementor-column-gap-default\">\n\t\t\t\t\t<div class=\"elementor-column elementor-col-100 elementor-top-column elementor-element elementor-element-188cd3c\" data-id=\"188cd3c\" data-element_type=\"column\">\n\t\t\t<div class=\"elementor-widget-wrap elementor-element-populated\">\n\t\t\t\t\t\t\t\t\t<\/div>\n\t\t<\/div>\n\t\t\t\t\t\t\t<\/div>\n\t\t<\/section>\n\t\t\t\t<section class=\"elementor-section elementor-top-section elementor-element elementor-element-54ba493 elementor-section-boxed elementor-section-height-default elementor-section-height-default\" data-id=\"54ba493\" data-element_type=\"section\" data-settings=\"{&quot;background_background&quot;:&quot;classic&quot;}\">\n\t\t\t\t\t\t<div class=\"elementor-container elementor-column-gap-default\">\n\t\t\t\t\t<div class=\"elementor-column elementor-col-100 elementor-top-column elementor-element elementor-element-fbe841d\" data-id=\"fbe841d\" data-element_type=\"column\">\n\t\t\t<div class=\"elementor-widget-wrap elementor-element-populated\">\n\t\t\t\t\t\t\t\t<div class=\"elementor-element elementor-element-2764109 elementor-widget elementor-widget-heading\" data-id=\"2764109\" data-element_type=\"widget\" data-widget_type=\"heading.default\">\n\t\t\t\t<div class=\"elementor-widget-container\">\n\t\t\t<style>\/*! elementor - v3.14.0 - 26-06-2023 *\/\n.elementor-heading-title{padding:0;margin:0;line-height:1}.elementor-widget-heading .elementor-heading-title[class*=elementor-size-]>a{color:inherit;font-size:inherit;line-height:inherit}.elementor-widget-heading .elementor-heading-title.elementor-size-small{font-size:15px}.elementor-widget-heading .elementor-heading-title.elementor-size-medium{font-size:19px}.elementor-widget-heading .elementor-heading-title.elementor-size-large{font-size:29px}.elementor-widget-heading .elementor-heading-title.elementor-size-xl{font-size:39px}.elementor-widget-heading .elementor-heading-title.elementor-size-xxl{font-size:59px}<\/style><h2 class=\"elementor-heading-title elementor-size-large\">Le salut au dojo<\/h2>\t\t<\/div>\n\t\t\t\t<\/div>\n\t\t\t\t\t<\/div>\n\t\t<\/div>\n\t\t\t\t\t\t\t<\/div>\n\t\t<\/section>\n\t\t\t\t<section class=\"elementor-section elementor-top-section elementor-element elementor-element-c071ca9 elementor-section-boxed elementor-section-height-default elementor-section-height-default\" data-id=\"c071ca9\" data-element_type=\"section\">\n\t\t\t\t\t\t<div class=\"elementor-container elementor-column-gap-default\">\n\t\t\t\t\t<div class=\"elementor-column elementor-col-100 elementor-top-column elementor-element elementor-element-3b4b41c\" data-id=\"3b4b41c\" data-element_type=\"column\">\n\t\t\t<div class=\"elementor-widget-wrap elementor-element-populated\">\n\t\t\t\t\t\t\t\t<div class=\"elementor-element elementor-element-d2a7fa7 elementor-widget elementor-widget-text-editor\" data-id=\"d2a7fa7\" data-element_type=\"widget\" data-widget_type=\"text-editor.default\">\n\t\t\t\t<div class=\"elementor-widget-container\">\n\t\t\t<style>\/*! elementor - v3.14.0 - 26-06-2023 *\/\n.elementor-widget-text-editor.elementor-drop-cap-view-stacked .elementor-drop-cap{background-color:#69727d;color:#fff}.elementor-widget-text-editor.elementor-drop-cap-view-framed .elementor-drop-cap{color:#69727d;border:3px solid;background-color:transparent}.elementor-widget-text-editor:not(.elementor-drop-cap-view-default) .elementor-drop-cap{margin-top:8px}.elementor-widget-text-editor:not(.elementor-drop-cap-view-default) .elementor-drop-cap-letter{width:1em;height:1em}.elementor-widget-text-editor .elementor-drop-cap{float:left;text-align:center;line-height:1;font-size:50px}.elementor-widget-text-editor .elementor-drop-cap-letter{display:inline-block}<\/style><div id=\"rows-60df2557ee6c204e12f005da\" class=\"rows\" data-total-pages=\"1\" data-current-page=\"1\"><div class=\"row-container rd-1 page_1\"><div class=\"row-content\"><div class=\"row\" data-role=\"line\"><div class=\"column\" data-role=\"cell\"><div id=\"cell-60df2557ee669d0ae0f93a6c\" class=\"column-content\"><p>Le salut \u00e0 genoux <strong><span style=\"color: #800000;\"><span style=\"color: #993300;\">(ZAREI)<\/span> <\/span><\/strong>est effectu\u00e9 en d\u00e9but et en fin de cours. Il est un signe de respect mutuel.<\/p><p>Les \u00e9l\u00e8ves se rangent l&rsquo;un \u00e0 c\u00f4t\u00e9 de l&rsquo;autre par ligne et par ordre de grade (kyus)face \u00e0 la photo du \u00ab\u00a0Ma\u00eetre\u00a0\u00bb. Le \u00ab\u00a0Sensei\u00a0\u00bb et ses \u00e9l\u00e8ves se font face. Les ceintures noires (Sempai)se placent\u00a0 du c\u00f4t\u00e9 droit par rapport aux \u00e9l\u00e8ves (\u00e0 gauche par rapport au professeur).<\/p><p>Au commandement du meilleur des kyus et souvent le plus ancien grad\u00e9 qui dira :<\/p><\/div><\/div><\/div><\/div><\/div><\/div><div>\u00a0<\/div>\t\t<\/div>\n\t\t\t\t<\/div>\n\t\t\t\t\t<\/div>\n\t\t<\/div>\n\t\t\t\t\t\t\t<\/div>\n\t\t<\/section>\n\t\t\t\t<section class=\"elementor-section elementor-top-section elementor-element elementor-element-6778738 elementor-section-boxed elementor-section-height-default elementor-section-height-default\" data-id=\"6778738\" data-element_type=\"section\">\n\t\t\t\t\t\t<div class=\"elementor-container elementor-column-gap-default\">\n\t\t\t\t\t<div class=\"elementor-column elementor-col-50 elementor-top-column elementor-element elementor-element-3baf876\" data-id=\"3baf876\" data-element_type=\"column\">\n\t\t\t<div class=\"elementor-widget-wrap elementor-element-populated\">\n\t\t\t\t\t\t\t\t<div class=\"elementor-element elementor-element-004cb7d elementor-widget elementor-widget-text-editor\" data-id=\"004cb7d\" data-element_type=\"widget\" data-widget_type=\"text-editor.default\">\n\t\t\t\t<div class=\"elementor-widget-container\">\n\t\t\t<h3><strong><span style=\"text-decoration: underline;\"><span style=\"color: #800000;\"><em>SEIZA-REi, le salut assis<\/em><\/span><\/span><\/strong><\/h3><p><strong><span style=\"color: #800000;\">1. SE\u00cfZA<\/span>\u00a0:<\/strong> <em>\u00ab\u00a0Mettons-nous en Se\u00efza\u00a0\u00bb<\/em><\/p><p><strong><span style=\"color: #993300;\">2. SHOMEN NI RE\u00cf\u00a0:<\/span><\/strong> <em>\u00ab\u00a0Saluons face \u00e0 nous\u00a0\u00bb<\/em><\/p><ul><li><p>Tout le monde se tourne vers la photo du Ma\u00eetre (chez nous en wado-ryu Ma\u00eetre Otsuka) pour le saluer. A ce moment l\u00e0 le professeur et les \u00e9l\u00e8ves saluent dans la m\u00eame direction.<\/p><\/li><li><p>Puis il dit :<\/p><\/li><\/ul><p><strong><span style=\"color: #800000;\">3. SENSE\u00cf NI RE\u00cf\u00a0<\/span>:<\/strong> <em>\u00ab\u00a0Saluons notre Sense\u00ef\u00a0\u00bb<\/em><\/p><ul><li><p>Le professeur se retourne et\u00a0 fait face aux \u00e9l\u00e8ves pour le deuxi\u00e8me salut assis.<\/p><\/li><li><p>Ce salut sert \u00e0 remercier celui qui enseigne et sans qui, la transmission du savoir ne serait pas possible.<\/p><\/li><\/ul><p><span style=\"color: #993300;\"><strong>4. SENPA\u00cf NI RE\u00cf\u00a0:<\/strong><\/span> <em>\u00ab\u00a0Saluons les Senpa\u00ef\u00a0\u00bb<\/em><\/p><p><span style=\"color: #993300;\"><strong>5. OTAGA\u00cf NI RE\u00cf\u00a0:<\/strong><\/span> <em>\u00ab\u00a0Saluons-nous\u00a0\u00bb<\/em><\/p><p><span style=\"color: #993300;\"><strong>6. KIRITSU\u00a0: <\/strong><\/span><em>\u00ab\u00a0Levons-nous\u00a0\u00bb<\/em><\/p><p><em>\u00a0<\/em><\/p><p><em>\u00a0<\/em><\/p>\t\t<\/div>\n\t\t\t\t<\/div>\n\t\t\t\t\t<\/div>\n\t\t<\/div>\n\t\t\t\t<div class=\"elementor-column elementor-col-50 elementor-top-column elementor-element elementor-element-acac3d4\" data-id=\"acac3d4\" data-element_type=\"column\">\n\t\t\t<div class=\"elementor-widget-wrap elementor-element-populated\">\n\t\t\t\t\t\t\t\t<div class=\"elementor-element elementor-element-3ae5eec elementor-widget elementor-widget-image\" data-id=\"3ae5eec\" data-element_type=\"widget\" data-widget_type=\"image.default\">\n\t\t\t\t<div class=\"elementor-widget-container\">\n\t\t\t<style>\/*! elementor - v3.14.0 - 26-06-2023 *\/\n.elementor-widget-image{text-align:center}.elementor-widget-image a{display:inline-block}.elementor-widget-image a img[src$=\".svg\"]{width:48px}.elementor-widget-image img{vertical-align:middle;display:inline-block}<\/style><img decoding=\"async\" width=\"467\" height=\"221\" src=\"https:\/\/shintokarateryu.fr\/wp-content\/uploads\/2022\/06\/seisa.jpg\" class=\"attachment-large size-large wp-image-2108\" alt=\"\" loading=\"lazy\" srcset=\"https:\/\/shintokarateryu.fr\/wp-content\/uploads\/2022\/06\/seisa.jpg 467w, https:\/\/shintokarateryu.fr\/wp-content\/uploads\/2022\/06\/seisa-300x142.jpg 300w\" sizes=\"(max-width: 467px) 100vw, 467px\" \/>\t\t<\/div>\n\t\t\t\t<\/div>\n\t\t\t\t<div class=\"elementor-element elementor-element-9ae5109 elementor-widget elementor-widget-image\" data-id=\"9ae5109\" data-element_type=\"widget\" data-widget_type=\"image.default\">\n\t\t\t\t<div class=\"elementor-widget-container\">\n\t\t\t<img decoding=\"async\" width=\"433\" height=\"160\" src=\"https:\/\/shintokarateryu.fr\/wp-content\/uploads\/2022\/03\/seiza-rei.jpg\" class=\"attachment-large size-large wp-image-1482\" alt=\"\" loading=\"lazy\" srcset=\"https:\/\/shintokarateryu.fr\/wp-content\/uploads\/2022\/03\/seiza-rei.jpg 433w, https:\/\/shintokarateryu.fr\/wp-content\/uploads\/2022\/03\/seiza-rei-300x111.jpg 300w\" sizes=\"(max-width: 433px) 100vw, 433px\" \/>\t\t<\/div>\n\t\t\t\t<\/div>\n\t\t\t\t<div class=\"elementor-element elementor-element-c4733a0 elementor-widget elementor-widget-image\" data-id=\"c4733a0\" data-element_type=\"widget\" data-widget_type=\"image.default\">\n\t\t\t\t<div class=\"elementor-widget-container\">\n\t\t\t<img decoding=\"async\" width=\"467\" height=\"221\" src=\"https:\/\/shintokarateryu.fr\/wp-content\/uploads\/2022\/03\/seisa-e1654788988774.jpg\" class=\"attachment-large size-large wp-image-1485\" alt=\"\" loading=\"lazy\" srcset=\"https:\/\/shintokarateryu.fr\/wp-content\/uploads\/2022\/03\/seisa-e1654788988774.jpg 467w, https:\/\/shintokarateryu.fr\/wp-content\/uploads\/2022\/03\/seisa-e1654788988774-300x142.jpg 300w\" sizes=\"(max-width: 467px) 100vw, 467px\" \/>\t\t<\/div>\n\t\t\t\t<\/div>\n\t\t\t\t\t<\/div>\n\t\t<\/div>\n\t\t\t\t\t\t\t<\/div>\n\t\t<\/section>\n\t\t\t\t<section class=\"elementor-section elementor-top-section elementor-element elementor-element-13a3f76 elementor-section-boxed elementor-section-height-default elementor-section-height-default\" data-id=\"13a3f76\" data-element_type=\"section\">\n\t\t\t\t\t\t<div class=\"elementor-container elementor-column-gap-default\">\n\t\t\t\t\t<div class=\"elementor-column elementor-col-100 elementor-top-column elementor-element elementor-element-9f3daaa\" data-id=\"9f3daaa\" data-element_type=\"column\">\n\t\t\t<div class=\"elementor-widget-wrap elementor-element-populated\">\n\t\t\t\t\t\t\t\t<div class=\"elementor-element elementor-element-185ae5a elementor-widget-divider--view-line elementor-widget elementor-widget-divider\" data-id=\"185ae5a\" data-element_type=\"widget\" data-widget_type=\"divider.default\">\n\t\t\t\t<div class=\"elementor-widget-container\">\n\t\t\t<style>\/*! elementor - v3.14.0 - 26-06-2023 *\/\n.elementor-widget-divider{--divider-border-style:none;--divider-border-width:1px;--divider-color:#0c0d0e;--divider-icon-size:20px;--divider-element-spacing:10px;--divider-pattern-height:24px;--divider-pattern-size:20px;--divider-pattern-url:none;--divider-pattern-repeat:repeat-x}.elementor-widget-divider .elementor-divider{display:flex}.elementor-widget-divider .elementor-divider__text{font-size:15px;line-height:1;max-width:95%}.elementor-widget-divider .elementor-divider__element{margin:0 var(--divider-element-spacing);flex-shrink:0}.elementor-widget-divider .elementor-icon{font-size:var(--divider-icon-size)}.elementor-widget-divider .elementor-divider-separator{display:flex;margin:0;direction:ltr}.elementor-widget-divider--view-line_icon .elementor-divider-separator,.elementor-widget-divider--view-line_text .elementor-divider-separator{align-items:center}.elementor-widget-divider--view-line_icon .elementor-divider-separator:after,.elementor-widget-divider--view-line_icon .elementor-divider-separator:before,.elementor-widget-divider--view-line_text .elementor-divider-separator:after,.elementor-widget-divider--view-line_text .elementor-divider-separator:before{display:block;content:\"\";border-bottom:0;flex-grow:1;border-top:var(--divider-border-width) var(--divider-border-style) var(--divider-color)}.elementor-widget-divider--element-align-left .elementor-divider .elementor-divider-separator>.elementor-divider__svg:first-of-type{flex-grow:0;flex-shrink:100}.elementor-widget-divider--element-align-left .elementor-divider-separator:before{content:none}.elementor-widget-divider--element-align-left .elementor-divider__element{margin-left:0}.elementor-widget-divider--element-align-right .elementor-divider .elementor-divider-separator>.elementor-divider__svg:last-of-type{flex-grow:0;flex-shrink:100}.elementor-widget-divider--element-align-right .elementor-divider-separator:after{content:none}.elementor-widget-divider--element-align-right .elementor-divider__element{margin-right:0}.elementor-widget-divider:not(.elementor-widget-divider--view-line_text):not(.elementor-widget-divider--view-line_icon) .elementor-divider-separator{border-top:var(--divider-border-width) var(--divider-border-style) var(--divider-color)}.elementor-widget-divider--separator-type-pattern{--divider-border-style:none}.elementor-widget-divider--separator-type-pattern.elementor-widget-divider--view-line .elementor-divider-separator,.elementor-widget-divider--separator-type-pattern:not(.elementor-widget-divider--view-line) .elementor-divider-separator:after,.elementor-widget-divider--separator-type-pattern:not(.elementor-widget-divider--view-line) .elementor-divider-separator:before,.elementor-widget-divider--separator-type-pattern:not([class*=elementor-widget-divider--view]) .elementor-divider-separator{width:100%;min-height:var(--divider-pattern-height);-webkit-mask-size:var(--divider-pattern-size) 100%;mask-size:var(--divider-pattern-size) 100%;-webkit-mask-repeat:var(--divider-pattern-repeat);mask-repeat:var(--divider-pattern-repeat);background-color:var(--divider-color);-webkit-mask-image:var(--divider-pattern-url);mask-image:var(--divider-pattern-url)}.elementor-widget-divider--no-spacing{--divider-pattern-size:auto}.elementor-widget-divider--bg-round{--divider-pattern-repeat:round}.rtl .elementor-widget-divider .elementor-divider__text{direction:rtl}.e-con-inner>.elementor-widget-divider,.e-con>.elementor-widget-divider{width:var(--container-widget-width,100%);--flex-grow:var(--container-widget-flex-grow)}<\/style><div class=\"elementor-divider\">\n\t\t\t<span class=\"elementor-divider-separator\">\n\t\t\t\t\t\t<\/span>\n\t\t<\/div>\t\t<\/div>\n\t\t\t\t<\/div>\n\t\t\t\t\t<\/div>\n\t\t<\/div>\n\t\t\t\t\t\t\t<\/div>\n\t\t<\/section>\n\t\t\t\t<section class=\"elementor-section elementor-top-section elementor-element elementor-element-d62ded2 elementor-section-boxed elementor-section-height-default elementor-section-height-default\" data-id=\"d62ded2\" data-element_type=\"section\">\n\t\t\t\t\t\t<div class=\"elementor-container elementor-column-gap-default\">\n\t\t\t\t\t<div class=\"elementor-column elementor-col-50 elementor-top-column elementor-element elementor-element-8cf06c1\" data-id=\"8cf06c1\" data-element_type=\"column\">\n\t\t\t<div class=\"elementor-widget-wrap elementor-element-populated\">\n\t\t\t\t\t\t\t\t<div class=\"elementor-element elementor-element-5f69528 elementor-widget elementor-widget-text-editor\" data-id=\"5f69528\" data-element_type=\"widget\" data-widget_type=\"text-editor.default\">\n\t\t\t\t<div class=\"elementor-widget-container\">\n\t\t\t<h3><strong><em><span style=\"text-decoration: underline;\"><span style=\"color: #800000;\">RITSU-REI, le salut debout<\/span><\/span><\/em><\/strong><\/h3><p>Le regard en direction de l\u2019endroit ou la personne \u00e0 saluer, en inclinant le buste vers l\u2019avant (environ 30\u00b0), le dos droit. Puis retour \u00e0 la position debout. La profondeur du salut d\u00e9pend de l\u2019occasion. Dans tous les cas, il convient de garder le dos droit, en particulier au niveau de la nuque qu\u2019il ne faut pas baisser. La direction du regard joue un grand r\u00f4le pour diff\u00e9rencier le type de salut. Il convient en g\u00e9n\u00e9ral de garder le regard \u00e0 l\u2019horizontale, vers le partenaire ou l\u2019enseignant, sauf dans le cas d\u2019un salut au\u00a0<em>kamiza<\/em>\u00a0o\u00f9 \u00e0 une personne que l\u2019on tient \u00e0 honorer particuli\u00e8rement. Traditionnellement, la position des mains diff\u00e8re selon les sexes. Les femmes saluent en laissant les mains glisser vers leurs genoux, alors que les hommes saluent les mains le long du corps.<\/p>\t\t<\/div>\n\t\t\t\t<\/div>\n\t\t\t\t\t<\/div>\n\t\t<\/div>\n\t\t\t\t<div class=\"elementor-column elementor-col-50 elementor-top-column elementor-element elementor-element-49a637f\" data-id=\"49a637f\" data-element_type=\"column\">\n\t\t\t<div class=\"elementor-widget-wrap elementor-element-populated\">\n\t\t\t\t\t\t\t\t<div class=\"elementor-element elementor-element-4fca64f elementor-widget elementor-widget-image\" data-id=\"4fca64f\" data-element_type=\"widget\" data-widget_type=\"image.default\">\n\t\t\t\t<div class=\"elementor-widget-container\">\n\t\t\t<img decoding=\"async\" width=\"347\" height=\"200\" src=\"https:\/\/shintokarateryu.fr\/wp-content\/uploads\/2022\/03\/ritsu-rei.gif\" class=\"attachment-large size-large wp-image-1481\" alt=\"\" loading=\"lazy\" \/>\t\t<\/div>\n\t\t\t\t<\/div>\n\t\t\t\t\t<\/div>\n\t\t<\/div>\n\t\t\t\t\t\t\t<\/div>\n\t\t<\/section>\n\t\t\t\t\t\t\t<\/div>","protected":false},"excerpt":{"rendered":"<p>Le salut au dojo Le salut \u00e0 genoux (ZAREI) est effectu\u00e9 en d\u00e9but et en fin de cours. Il est un signe de respect mutuel. Les \u00e9l\u00e8ves se rangent l&rsquo;un \u00e0 c\u00f4t\u00e9 de l&rsquo;autre par ligne et par ordre de grade (kyus)face \u00e0 la photo du \u00ab\u00a0Ma\u00eetre\u00a0\u00bb. Le \u00ab\u00a0Sensei\u00a0\u00bb et ses \u00e9l\u00e8ves se font face. &hellip;<\/p>\n<p class=\"read-more\"> <a class=\"\" href=\"https:\/\/shintokarateryu.fr\/?page_id=1433\"> <span class=\"screen-reader-text\">Le salut<\/span> Lire la suite\u00a0\u00bb<\/a><\/p>\n","protected":false},"author":5,"featured_media":0,"parent":0,"menu_order":0,"comment_status":"closed","ping_status":"closed","template":"","meta":{"site-sidebar-layout":"no-sidebar","site-content-layout":"page-builder","ast-global-header-display":"","ast-banner-title-visibility":"","ast-main-header-display":"","ast-hfb-above-header-display":"","ast-hfb-below-header-display":"","ast-hfb-mobile-header-display":"","site-post-title":"disabled","ast-breadcrumbs-content":"","ast-featured-img":"disabled","footer-sml-layout":"","theme-transparent-header-meta":"","adv-header-id-meta":"","stick-header-meta":"","header-above-stick-meta":"","header-main-stick-meta":"","header-below-stick-meta":"","ngg_post_thumbnail":0},"_links":{"self":[{"href":"https:\/\/shintokarateryu.fr\/index.php?rest_route=\/wp\/v2\/pages\/1433"}],"collection":[{"href":"https:\/\/shintokarateryu.fr\/index.php?rest_route=\/wp\/v2\/pages"}],"about":[{"href":"https:\/\/shintokarateryu.fr\/index.php?rest_route=\/wp\/v2\/types\/page"}],"author":[{"embeddable":true,"href":"https:\/\/shintokarateryu.fr\/index.php?rest_route=\/wp\/v2\/users\/5"}],"replies":[{"embeddable":true,"href":"https:\/\/shintokarateryu.fr\/index.php?rest_route=%2Fwp%2Fv2%2Fcomments&post=1433"}],"version-history":[{"count":27,"href":"https:\/\/shintokarateryu.fr\/index.php?rest_route=\/wp\/v2\/pages\/1433\/revisions"}],"predecessor-version":[{"id":2463,"href":"https:\/\/shintokarateryu.fr\/index.php?rest_route=\/wp\/v2\/pages\/1433\/revisions\/2463"}],"wp:attachment":[{"href":"https:\/\/shintokarateryu.fr\/index.php?rest_route=%2Fwp%2Fv2%2Fmedia&parent=1433"}],"curies":[{"name":"wp","href":"https:\/\/api.w.org\/{rel}","templated":true}]}}